 Suppose 3*p = -3, 0 = -q + 4*p + v + 13. Calculate the greatest common factor of q and 10.
10
Let d be (9 - (12 + 4))*6/(-14). What is the highest common divisor of 2 and d?
1
Let m = 119 - 108. Calculate the greatest common divisor of 11 and m.
11
Suppose 44*s = 37*s + 791. Let g = 133 - s. Suppose -4*a - 27 = -3*i + 23, -a - 55 = -5*i. What is the highest common divisor of i and g?
10
Suppose 0 = -2*c + 6, 4*t - t + 4*c = 9. Let w be (17 - t) + (-10 - -8). What is the greatest common factor of 176 and w?
16
Let s(h) = 2*h**2 + 22*h + 6. Let j = -63 + 52. Let n be s(j). What is the highest common factor of 48 and n?
6
Suppose -3*z + 7429 - 2821 = 0. What is the greatest common divisor of 12 and z?
12
Let p(b) = -2*b**2 - 12*b. Let w be p(-10). Let v = w - -134. Let x be (-58)/(-10) + 4/20. Calculate the greatest common factor of x and v.
6
Let j = -69 - -267. What is the greatest common divisor of 44 and j?
22
Suppose -m + 3*m - 2*l = 16, 4*l + 11 = -3*m. Let d be 3 + m + (1 - 4). Suppose -9 = -q + d. Calculate the highest common divisor of 60 and q.
12
Let o = 77 - 73. Suppose -53 = -4*a - q - o*q, -3*q + 15 = 0. What is the highest common factor of 119 and a?
7
Suppose 0 = -t - 3*j + 19, t - 4*j + 11 = -5. Suppose 0 = 63*u - 64*u + 24. What is the highest common divisor of u and t?
4
Let t(u) = -u + 18. Let y(n) = 5*n**2 - 4*n + 3. Let s be y(2). Let g be t(s). Calculate the greatest common factor of g and 15.
3
Let f(d) = d**3 - 5*d**2 - 6*d + 4. Let a be f(7). Let b be (-750)/a*((-108)/(-5))/(-1). Calculate the greatest common divisor of 27 and b.
27
Let q be (-15)/6*2 + -17. Let b = -6 - q. Calculate the greatest common factor of b and 40.
8
Let x(f) = -2*f - 11. Suppose -u = -3*o + 2, u + 4 = -0*u + 2*o. Let q be x(u). What is the highest common factor of q and 25?
5
Suppose -2*w + w + 40 = 0. Let k be 4 + -3 + (0 - -1). Suppose 0 = -k*s - 1 + 11. What is the greatest common factor of s and w?
5
Let i be (-2 + 12/8)*-10 - 3. Suppose u + 62 = 3*d - 0*u, -i*d - 3*u = -45. What is the greatest common factor of 28 and d?
7
Let c be (-14)/(3/(6/(-4))). Suppose -c*n - 96 = -306. Calculate the greatest common divisor of n and 20.
10
Let f(d) = -d - 16. Let a be f(-15). Let j be (-21)/a + -2 + 2 + -2. What is the highest common divisor of 209 and j?
19
Let x(z) = z + 5. Let r be x(-7). Let n be (-3)/(1/(r - 1)). Let w = -3 + 39. Calculate the greatest common factor of n and w.
9
Let g(u) = u + 3. Let j be g(-2). Let m(x) = -j + 10 - x - 2. Let v be m(6). What is the greatest common factor of v and 2?
1
Let v = 66 + -11. Let q = v - 37. What is the highest common divisor of 72 and q?
18
Suppose -4*y - 2*p - 3*p + 64 = 0, -5*y + 4*p + 80 = 0. Let i = y + -2. Calculate the highest common divisor of 7 and i.
7
Let f be -5*11/33*-108. Calculate the highest common factor of f and 300.
60
Let x = -10 + 18. Suppose 23 = 3*c + 32, 0 = 2*a + 2*c - 2. Calculate the highest common divisor of a and x.
4
Let h = 1171 - 1152. What is the greatest common factor of h and 1691?
19
Let n = 17 - 17. Suppose -3*q = -n*q + 5*g - 847, 5*g = -5*q + 1425. Suppose 5*o - q = 231. What is the highest common factor of o and 13?
13
Suppose -3*a + 2 = -4*l - 0*l, -5*l + 3 = -a. Let k be ((-1)/1)/(a/(-50)). Let j = -731 - -736. What is the greatest common factor of j and k?
5
Let m = -493 - -592. Calculate the greatest common factor of m and 132.
33
Let u = -398 - -790. Let c be (u/(-40))/((3/(-5))/3). Let g = -1 + 8. Calculate the highest common divisor of g and c.
7
Suppose -5*m + 1098 = -102. Let c(a) = 8*a**2 - 3*a + 4. Let y be c(2). Calculate the highest common divisor of m and y.
30
Let j(z) = -z**2 + 12*z - 4. Let i be j(10). Let k = -890 + 922. What is the greatest common divisor of i and k?
16
Let p = -143 + 51. Suppose -61*z + 63*z - 298 = 0. Let n = z + p. Calculate the highest common factor of n and 38.
19
Let y(h) = 14*h + 2. Let c be y(1). Suppose -2*d + c = -2*q, 5*d + 0*d - 3*q = 40. Calculate the greatest common divisor of 88 and d.
8
Suppose 16*w - 14*w = 838. Let l = -298 + w. Calculate the greatest common divisor of l and 11.
11
Suppose 4*b = -0*u + 5*u - 608, -4*u = 4*b - 472. Suppose 2*n - u = -3*n. Suppose n = 4*f - 2*f. What is the greatest common divisor of f and 8?
4
Let v = 60 + -28. Let g be ((-22)/3)/(v/(-144)). What is the highest common factor of g and 165?
33
Let h be (-4)/(-6) - (-12)/(-9)*-1. Suppose 4 + 8 = -3*s, -34 = m + 5*s. Let u = -10 - m. Calculate the greatest common factor of u and h.
2
Suppose -6 = -11*r + 93. Suppose -126 = -0*h - r*h. What is the greatest common divisor of 70 and h?
14
Let p be (-102)/(-5 + (-370)/(-80)). What is the greatest common divisor of 204 and p?
68
Let k = -182 - -262. Calculate the highest common factor of 540 and k.
20
Suppose 0 = -11*i + 6*i + 2*n + 100, 3*n = 0. What is the greatest common factor of 10 and i?
10
Let k be (-8)/36 - (-56)/9. Suppose -4*p + 54 = 5*q, -36 = -k*q + 2*q - 5*p. Calculate the greatest common divisor of 154 and q.
14
Suppose 2*o + 3*m = 107, -7*o + 11*o + 4*m - 216 = 0. Calculate the greatest common factor of o and 11.
11
Suppose 3*w = 6, -3*w - 22 - 12 = -5*o. What is the highest common divisor of 188 and o?
4
Let h be 9/((-18)/(-38)) - 1. Calculate the highest common divisor of h and 198.
18
Let a = -60 + 74. What is the highest common factor of a and 224?
14
Let x(f) = 2*f - 5. Let z be x(5). Suppose -3*h + z*w - 4*w + 484 = 0, -2*h + 4*w + 336 = 0. Calculate the highest common factor of 20 and h.
20
Let r(n) be the third derivative of -5*n**4/24 + n**3/6 + 2*n**2. Let x be r(-4). Let i = 399 + -392. Calculate the greatest common factor of i and x.
7
Let w = -19 - -19. Suppose 2*n + n - 15 = w. Calculate the greatest common factor of n and 5.
5
Suppose -12 = 4*h - c, -c - 3*c = -4*h - 12. Let z be 0/h - (2 + -36). Calculate the highest common divisor of 34 and z.
34
Suppose -12*u + 9*u + 189 = 2*m, 15 = -5*u. Calculate the greatest common divisor of 44 and m.
11
Suppose -83*y + 84*y = 111. What is the greatest common factor of y and 37?
37
Let w(c) be the first derivative of -7*c**2/2 - 5*c - 1. Let o be w(-5). Suppose 0 = -f + 3 + 3. Calculate the highest common factor of o and f.
6
Suppose 2*l - 23 = 4*m + 9, 0 = -4*l + 4*m + 44. Let x be (-3 - 1 - -2)*-14. Let t be x/(-21)*45/(-2). Calculate the highest common divisor of l and t.
6
Suppose 24*k - 756 = -12*k. Calculate the greatest common divisor of k and 69.
3
Suppose -5*v + 408 = -2*l, -v - 2*l + 76 = -l. Calculate the greatest common divisor of 64 and v.
16
Suppose 3*f + 1502 = 4*z - 2*f, -4*f + 8 = 0. What is the highest common divisor of 162 and z?
54
Suppose r - 34 = 12*s - 8*s, -2*s = 3*r - 130. What is the highest common divisor of r and 189?
21
Let r = -1909 - -2084. What is the greatest common divisor of 400 and r?
25
Let n be ((-140)/30)/(7/((-546)/4)). Calculate the highest common factor of 7 and n.
7
Let q(w) = 2*w**2 + 20*w + 9. Let r be q(-14). Let c = r + -79. What is the highest common divisor of 14 and c?
14
Let i(o) = -o**3 - o**2 + 17*o + 4. Let w be i(0). Suppose 0 = 4*d - t - 126, t - 4 = -5*d + 158. Calculate the greatest common factor of d and w.
4
Let d be 1/(((-39)/18)/13). Let t be d*(-2 - 8/12). Calculate the greatest common factor of t and 32.
16
Suppose -2*q + 41 = 5. Suppose 12 = -4*k - 4*v + 120, -54 = -2*k - 5*v. What is the greatest common divisor of q and k?
9
Let u(h) = 16*h**2 + 44*h - 3. Let i be u(-4). What is the greatest common divisor of i and 847?
77
Let r = 20 - -79. Let p be 3 + 4/(-12)*0. Let z(l) = l**2 + l - 3. Let a be z(p). Calculate the highest common divisor of a and r.
9
Let c(f) = 2*f**2 + 1. Let m be c(0). What is the greatest common divisor of 7 and m?
1
Let r = -1790 + 2076. What is the greatest common divisor of 130 and r?
26
Suppose -3*n - 35 = 2*c, -2*c = -6*c - 16. Let a(k) be the first derivative of -k**2 - 2*k + 136. Let h be a(n). What is the highest common divisor of 40 and h?
8
Suppose -2*m - 5*h + 106 = 0, 3*m + h + 238 = 8*m. Calculate the highest common divisor of 1200 and m.
48
Suppose -j + m = -3*m - 7, 4*j - 70 = -5*m. Suppose -6*a + a = -j. Suppose v = -4*v - 4*o + 14, -2*v = 5*o + 8. What is the greatest common factor of a and v?
3
Suppose -